{"id":138,"date":"2019-07-21T14:14:53","date_gmt":"2019-07-21T12:14:53","guid":{"rendered":"http:\/\/adelucas.es\/?page_id=138"},"modified":"2019-07-21T14:19:05","modified_gmt":"2019-07-21T12:19:05","slug":"ponencias-plenarias","status":"publish","type":"page","link":"http:\/\/adelucas.es\/?page_id=138","title":{"rendered":"Ponencias plenarias"},"content":{"rendered":"\t\t<div data-elementor-type=\"wp-post\" data-elementor-id=\"138\" class=\"elementor elementor-138\">\n\t\t\t\t\t\t<div class=\"elementor-inner\">\n\t\t\t\t<div class=\"elementor-section-wrap\">\n\t\t\t\t\t\t\t\t\t<section class=\"elementor-section elementor-top-section elementor-element elementor-element-7672b61 elementor-section-boxed elementor-section-height-default elementor-section-height-default\" data-id=\"7672b61\" data-element_type=\"section\">\n\t\t\t\t\t\t<div class=\"elementor-container elementor-column-gap-default\">\n\t\t\t\t\t\t\t<div class=\"elementor-row\">\n\t\t\t\t\t<div class=\"elementor-column elementor-col-100 elementor-top-column elementor-element elementor-element-5af346a\" data-id=\"5af346a\" data-element_type=\"column\">\n\t\t\t<div class=\"elementor-column-wrap elementor-element-populated\">\n\t\t\t\t\t\t\t<div class=\"elementor-widget-wrap\">\n\t\t\t\t\t\t<div class=\"elementor-element elementor-element-22b1be1 elementor-widget elementor-widget-text-editor\" data-id=\"22b1be1\" data-element_type=\"widget\" data-widget_type=\"text-editor.default\">\n\t\t\t\t<div class=\"elementor-widget-container\">\n\t\t\t\t\t\t\t\t<div class=\"elementor-text-editor elementor-clearfix\">\n\t\t\t\t<h5>Jornadas de Educaci\u00f3n<\/h5><p>&#8220;Ense\u00f1ar y convencer: la argumentaci\u00f3n y la persuasi\u00f3n en el lenguaje del profesor &#8220;. Abril de 2015. Instituto Superior de Formaci\u00f3n y Educaci\u00f3n (INSFORED).<\/p><h5><br \/>Jornadas de Excelencia Literaria 2014<\/h5><p>&#8220;Argumentaci\u00f3n y objetividad en la prensa escrita&#8221;. Enero de 2014. Facultad de Filosof\u00eda y Letras, Universidad de Navarra.<\/p><h5><br \/>Oltre saussure\/ Beyond saussure. L\u2019eredit\u00e0 scientifica di Eugenio Coseriu\/Eugenio Coseriu\u2019s scientific legacy.<\/h5><p>&#8220;Los verbos de comunicaci\u00f3n desde una perspectiva integradora de base coseriana&#8221;.<br \/>Octubre de 2013. Autor\u00eda compartida con D. Manuel Casado Velarde. Universit\u00e0 degli Studi di Udine (Italia).<\/p>\t\t\t\t\t<\/div>\n\t\t\t\t\t\t<\/div>\n\t\t\t\t<\/div>\n\t\t\t\t\t\t<\/div>\n\t\t\t\t\t<\/div>\n\t\t<\/div>\n\t\t\t\t\t\t\t\t<\/div>\n\t\t\t\t\t<\/div>\n\t\t<\/section>\n\t\t\t\t\t\t\t\t\t<\/div>\n\t\t\t<\/div>\n\t\t\t\t\t<\/div>\n\t\t","protected":false},"excerpt":{"rendered":"<p>Jornadas de Educaci\u00f3n &#8220;Ense\u00f1ar y convencer: la argumentaci\u00f3n y la persuasi\u00f3n en el lenguaje del profesor &#8220;. Abril de 2015. Instituto Superior de Formaci\u00f3n y Educaci\u00f3n (INSFORED). Jornadas de Excelencia Literaria 2014 &#8220;Argumentaci\u00f3n y objetividad en la prensa escrita&#8221;. Enero de 2014. Facultad de Filosof\u00eda y Letras, Universidad de Navarra. Oltre saussure\/ Beyond saussure. L\u2019eredit\u00e0 &#8230;<\/p>\n","protected":false},"author":1,"featured_media":0,"parent":0,"menu_order":0,"comment_status":"closed","ping_status":"closed","template":"","meta":[],"_links":{"self":[{"href":"http:\/\/adelucas.es\/index.php?rest_route=\/wp\/v2\/pages\/138"}],"collection":[{"href":"http:\/\/adelucas.es\/index.php?rest_route=\/wp\/v2\/pages"}],"about":[{"href":"http:\/\/adelucas.es\/index.php?rest_route=\/wp\/v2\/types\/page"}],"author":[{"embeddable":true,"href":"http:\/\/adelucas.es\/index.php?rest_route=\/wp\/v2\/users\/1"}],"replies":[{"embeddable":true,"href":"http:\/\/adelucas.es\/index.php?rest_route=%2Fwp%2Fv2%2Fcomments&post=138"}],"version-history":[{"count":2,"href":"http:\/\/adelucas.es\/index.php?rest_route=\/wp\/v2\/pages\/138\/revisions"}],"predecessor-version":[{"id":141,"href":"http:\/\/adelucas.es\/index.php?rest_route=\/wp\/v2\/pages\/138\/revisions\/141"}],"wp:attachment":[{"href":"http:\/\/adelucas.es\/index.php?rest_route=%2Fwp%2Fv2%2Fmedia&parent=138"}],"curies":[{"name":"wp","href":"https:\/\/api.w.org\/{rel}","templated":true}]}}