{"id":156,"date":"2019-07-21T17:01:16","date_gmt":"2019-07-21T15:01:16","guid":{"rendered":"http:\/\/adelucas.es\/?page_id=156"},"modified":"2020-07-30T11:58:29","modified_gmt":"2020-07-30T09:58:29","slug":"publicaciones-en-los-medios-2","status":"publish","type":"page","link":"https:\/\/adelucas.es\/?page_id=156","title":{"rendered":"Publicaciones en los medios"},"content":{"rendered":"\t\t<div data-elementor-type=\"wp-post\" data-elementor-id=\"156\" class=\"elementor elementor-156\">\n\t\t\t\t\t\t<div class=\"elementor-inner\">\n\t\t\t\t<div class=\"elementor-section-wrap\">\n\t\t\t\t\t\t\t\t\t<section class=\"elementor-section elementor-top-section elementor-element elementor-element-9814a00 elementor-section-boxed elementor-section-height-default elementor-section-height-default\" data-id=\"9814a00\" data-element_type=\"section\">\n\t\t\t\t\t\t<div class=\"elementor-container elementor-column-gap-default\">\n\t\t\t\t\t\t\t<div class=\"elementor-row\">\n\t\t\t\t\t<div class=\"elementor-column elementor-col-100 elementor-top-column elementor-element elementor-element-c92cccb\" data-id=\"c92cccb\" data-element_type=\"column\">\n\t\t\t<div class=\"elementor-column-wrap elementor-element-populated\">\n\t\t\t\t\t\t\t<div class=\"elementor-widget-wrap\">\n\t\t\t\t\t\t<div class=\"elementor-element elementor-element-369f7ac elementor-widget elementor-widget-text-editor\" data-id=\"369f7ac\" data-element_type=\"widget\" data-widget_type=\"text-editor.default\">\n\t\t\t\t<div class=\"elementor-widget-container\">\n\t\t\t\t\t\t\t\t<div class=\"elementor-text-editor elementor-clearfix\">\n\t\t\t\t<h5><a href=\"http:\/\/adelucas.es\/?page_id=146\">Art\u00edculos de opini\u00f3n<\/a><\/h5><h5><a href=\"http:\/\/adelucas.es\/?page_id=151\">Intervenciones en la radio<\/a><\/h5><div><h5><a href=\"http:\/\/adelucas.es\/?page_id=314\">Entrevistas<\/a><\/h5><h5><a href=\"http:\/\/adelucas.es\/?page_id=384\" target=\"_blank\" rel=\"noopener\"><strong>Apariciones en TV<\/strong><\/a><\/h5><h5><a href=\"http:\/\/adelucas.es\/?page_id=406\">Art\u00edculos y entrevistas de divulgaci\u00f3n<\/a><\/h5><\/div>\t\t\t\t\t<\/div>\n\t\t\t\t\t\t<\/div>\n\t\t\t\t<\/div>\n\t\t\t\t\t\t<\/div>\n\t\t\t\t\t<\/div>\n\t\t<\/div>\n\t\t\t\t\t\t\t\t<\/div>\n\t\t\t\t\t<\/div>\n\t\t<\/section>\n\t\t\t\t\t\t\t\t\t<\/div>\n\t\t\t<\/div>\n\t\t\t\t\t<\/div>\n\t\t","protected":false},"excerpt":{"rendered":"<p>Art\u00edculos de opini\u00f3n Intervenciones en la radio Entrevistas Apariciones en TV Art\u00edculos y entrevistas de divulgaci\u00f3n<\/p>\n","protected":false},"author":1,"featured_media":0,"parent":0,"menu_order":0,"comment_status":"closed","ping_status":"closed","template":"","meta":[],"_links":{"self":[{"href":"https:\/\/adelucas.es\/index.php?rest_route=\/wp\/v2\/pages\/156"}],"collection":[{"href":"https:\/\/adelucas.es\/index.php?rest_route=\/wp\/v2\/pages"}],"about":[{"href":"https:\/\/adelucas.es\/index.php?rest_route=\/wp\/v2\/types\/page"}],"author":[{"embeddable":true,"href":"https:\/\/adelucas.es\/index.php?rest_route=\/wp\/v2\/users\/1"}],"replies":[{"embeddable":true,"href":"https:\/\/adelucas.es\/index.php?rest_route=%2Fwp%2Fv2%2Fcomments&post=156"}],"version-history":[{"count":9,"href":"https:\/\/adelucas.es\/index.php?rest_route=\/wp\/v2\/pages\/156\/revisions"}],"predecessor-version":[{"id":418,"href":"https:\/\/adelucas.es\/index.php?rest_route=\/wp\/v2\/pages\/156\/revisions\/418"}],"wp:attachment":[{"href":"https:\/\/adelucas.es\/index.php?rest_route=%2Fwp%2Fv2%2Fmedia&parent=156"}],"curies":[{"name":"wp","href":"https:\/\/api.w.org\/{rel}","templated":true}]}}